 q = -11638 - -12141. What is the remainder when q is divided by 212?
79
Let j(a) = a + 8. Let z be j(22). Suppose 3*h - 14*b - 19 = -13*b, 2*b + z = 5*h. What is the remainder when 15 + -3 - 1 - -1 is divided by h?
4
Let q(v) = -2*v**3 - 15*v**2 + 102*v - 28. Calculate the remainder when 1704/18*78/8 is divided by q(-12).
43
Suppose -5*t = -d + 3*d - 30, 4*d = 2*t + 36. Suppose 3*l - 4*l + 864 = 9*k, -3*l + 2656 = -5*k. Let m = 920 - l. What is the remainder when m is divided by d?
8
Suppose 4*i - 3*i = -h + 31, 0 = -2*i + 4*h + 8. What is the remainder when 3320 is divided by i?
20
Suppose 0 = -4*f - 5*z + 1013, 0*z + 4*z = 3*f - 783. Let w = 300 - f. What is the remainder when 74 is divided by w?
31
Suppose 0 = 6*i - 5*i - 23. Calculate the remainder when 20452/132 - 46/(-759) is divided by i.
17
Suppose -2*g - 4 + 0 = 0. Let t be 3 + -2 + g - 0 - -4. Suppose r - t*r + 46 = -5*z, -103 = -3*r - z. Calculate the remainder when r is divided by 6.
3
Suppose 5*d = 5*l + 5, -7 = 5*l - 2*d - d. Calculate the remainder when 43 is divided by (-1 - (-65)/(-10))*l.
13
Let t = -38 - -38. Suppose -5*j + t*j = 0. Suppose j = -3*o - 9, 3*l = 5*l + 5*o - 109. Calculate the remainder when l is divided by 16.
14
Let f(s) = -3*s**3 - 5*s**2 - 8*s - 3. Let c be f(-5). Suppose 4*a + h - 290 = -h, -4*a - 3*h = -c. What is the remainder when a is divided by 51?
23
Let d(u) = u**2 - 8*u - 11. Calculate the remainder when 1236 is divided by d(-6).
68
Suppose 10*x + 678 = 988. Let w(h) = 9*h + 13. Let n(a) = 5*a + 7. Let y(k) = -7*n(k) + 4*w(k). Calculate the remainder when x is divided by y(5).
7
Let v(d) = 3*d + 71. Let s be v(-21). Let j be (s/(-5))/(-4)*5. Suppose -l - 3*l + 3*t = -255, j = -2*t. Calculate the remainder when l is divided by 16.
15
Let z = 637 + -283. What is the remainder when z is divided by 130?
94
Suppose 5*w + c = 21, c + 5 = 6. Suppose r = -5*s + 657, -15 = r + w*r. What is the remainder when s is divided by 34?
30
Let q be (-1)/((-7)/26) - (-44)/154. What is the remainder when 41 is divided by ((-12)/(-28) - 6/14) + q?
1
Let s = 716 + -725. Let w(j) = 3*j**2 - 4*j - 1. What is the remainder when s/(9/(-25)) - -2 is divided by w(3)?
13
Calculate the remainder when (-2)/4 - 3292/(-8) is divided by 80.
11
Let z(x) = x**3 - 11*x**2 - 51*x + 630. What is the remainder when 172 is divided by z(10)?
12
What is the remainder when 33003/23 - (-19)/(2622/12) is divided by 144?
139
Let i = -171 + 204. Suppose -11*u + i = -22. What is the remainder when 17 is divided by u?
2
Suppose 7*t = 10*t - 198. Let c = 103 - t. Calculate the remainder when c is divided by 13.
11
Let u = -24735 + 24939. Calculate the remainder when 557 is divided by u.
149
Suppose 85*t - 2531 - 2144 = 0. Suppose -2*g + 5*g + 3*m - 42 = 0, -2*g + 5*m = -49. What is the remainder when t is divided by g?
4
Suppose 0 = -4*k - 2*z + 68, -4*k - 34 = -6*k - 2*z. What is the remainder when 2498 is divided by k?
16
Let c(h) = 1190*h - 3751. Calculate the remainder when c(9) is divided by 118.
115
Let i(b) = 3*b**3 - 7*b**2 - 133*b + 873. Calculate the remainder when i(7) is divided by 136.
84
Let h = 45 + -52. Let x be (0/h)/(1/(-1)). Suppose x = 5*b - 10 - 35. What is the remainder when 22 is divided by b?
4
Suppose c + 2*m = 100, -2*m + 0 = -2. Let q = -810 + 819. Suppose -16*v + q = -151. Calculate the remainder when c is divided by v.
8
Let k(g) = g**3 + 2*g**2 - 5*g + 5. Let v be k(-7). Let l = -173 - v. Calculate the remainder when l is divided by 12.
8
Let g(c) = -17*c - 29. Let t be g(-2). Suppose 3*p - 43 - 51 = 5*r, t*p - 5*r = 170. What is the remainder when p is divided by (10/6)/(2/24)?
18
Let q = -292 - -536. Let h(l) = -l**2 + 926*l - 21613. Calculate the remainder when q is divided by h(24).
34
Suppose -2*u - 4 = 0, -22*o - u + 1442 = -20*o. What is the remainder when o is divided by 163?
70
Let x(t) = t**2 - 6*t - 107. Let k be 0 + (-6)/(-10) - 1512/(-105). What is the remainder when x(k) is divided by ((-105)/(-25))/(2/10)?
7
Let i = 4610 - 4578. Calculate the remainder when 1171 is divided by i.
19
Suppose 422 = -5*t + 5*w - 553, w + 795 = -4*t. Let x = 204 + t. Calculate the remainder when 3*3/(18/140) is divided by x.
4
Suppose 4*m + 198 = 2*f, 0 = 3*f - 2*m - 168 - 113. Let i = 136 - f. What is the remainder when i is divided by 17?
11
What is the remainder when (-20 - (-2352940)/320) + (-1)/(-16) is divided by 56?
53
What is the remainder when 624 is divided by 29 + (20/(-5) - 5)*(-6)/9?
29
Let k(c) = c**2 - 7*c - 6. Let w be k(8). Suppose 119 = 5*x + 4*a, 2*x + 21 = 3*x - w*a. Suppose -53 - 15 = -b. What is the remainder when b is divided by x?
22
Let r(o) = 7*o + 34. Let k(a) = 8*a + 32. Let q(j) = -3*k(j) + 2*r(j). Let s be q(-9). Suppose -43*m - s = -45*m. What is the remainder when m is divided by 8?
7
Let o(x) = -12*x - 75. Let n be o(-6). Let d(f) = -31*f - 14. What is the remainder when d(n) is divided by 8?
7
Suppose 36*h = 37*h + 9. Calculate the remainder when 35 is divided by (-9)/(-1)*(h - 110/(-11)).
8
Suppose -3*j = -7*j + 52. Let c be 2/(-8)*-1124*1. Suppose -277 - c = -9*v. What is the remainder when v is divided by j?
10
Let f(m) = m**3 + 18*m**2 - 8. Let s be f(-18). Let u = 21 + -9. What is the remainder when u is divided by (-2)/s*6 - (-42)/28?
0
Suppose 4*h - r + 118 = 14*h, h - 5*r = 22. Calculate the remainder when 352 is divided by h.
4
Suppose -43*w - 4 = -44*w. Suppose 0 = -w*r + 9 + 7. Suppose -h - 3*h + o = -109, 5*h + r*o - 110 = 0. What is the remainder when h is divided by 4?
2
Suppose 0*t + 97 = t. Suppose 0 = -16*f - 284 - 388. Let i(d) = -2*d**3 - 86*d**2 - 84*d + 26. Calculate the remainder when t is divided by i(f).
19
Let b = -169 + -303. Let n = b - -477. Calculate the remainder when 157 is divided by n.
2
Let c = 162 - 113. Suppose 0 = -13*s + 1699 - 477. What is the remainder when s is divided by c?
45
Let i = -5366 - -5451. Calculate the remainder when 170 is divided by i.
0
Suppose 0 = -13*r + 5*r + 48. Let f be -4*r/(144/(-30)). Suppose -f*c - 69 = -8*c. What is the remainder when 44 is divided by c?
21
Let n(c) = -4*c + 3*c + c**2 + 17 + c + 3*c. Let b = 12 + 54. What is the remainder when b is divided by n(0)?
15
Let t = -62 + 65. Let s = 10 + t. Suppose -s*j = -4*j - 18. What is the remainder when 2 is divided by j?
0
Suppose j - 7 = 4*s, -2*s + 6 = 5*j - 7. Suppose 32 = 3*t + j*x - 1, t + 4*x = 26. What is the remainder when 9 is divided by t?
3
Suppose 18*j + 64 - 280 = 0. Let v = 10 + -7. Calculate the remainder when 33 is divided by 201/j + v/12.
16
Suppose 15 = -3*h, 3*l - 2*h = -l + 98. Let n be (-7)/(-2) - 11/l. Let a(w) = 2*w + 8. Calculate the remainder when 65 is divided by a(n).
9
Let c be 16/(-88) - (-224)/22. Let r = c + 41. Calculate the remainder when r is divided by 9.
6
Suppose 2*r - 3*t = 279, 4*t = 169 - 149. Calculate the remainder when 659 is divided by r.
71
Suppose 0 = 386*j + 402*j - 262*j - 1578. What is the remainder when 1249 is divided by j?
1
Suppose -12*i - 2 = -2. Suppose -11*w - 2*w - 468 = i. What is the remainder when w/63 + 137/7 is divided by 11?
8
Let z = -6980 - -28230. Calculate the remainder when z is divided by 12.
10
Suppose 3*q + 9 - 15 = 0. Let y(a) = 6*a - 3. Let f(x) = 6*x - 22. Calculate the remainder when f(8) is divided by y(q).
8
Let g(p) = 90*p**2 - 428*p - 28. Calculate the remainder when 21236 is divided by g(5).
80
Suppose 147*o - 118*o + 3254 = 15927. Let x(q) = q**3 + 13*q**2 + 15*q - 3. Calculate the remainder when o is divided by x(-11).
67
Suppose -3*v = 15*v. Suppose t - 3 = v, 0 = 5*d - 5*t - 279 - 231. What is the remainder when d is divided by 37?
31
Suppose -2*v + 28 = -20. Suppose -v = 3*l - 42. Calculate the remainder when (-60)/25*((-74)/l + -1) is divided by 17.
15
Let o(k) = k - 3. Let n be o(5). Let y be -1*3/2*(-16)/6. Suppose -n*f + 64 = -y*p, -2*f - p + 137 = 2*f. Calculate the remainder when f is divided by 18.
16
Let c be 2/((-2)/(-5)) - 3. Suppose -2*b = -5*i, 3*i = 2*b + c*i. Calculate the remainder when -7*((-6 - b) + 3) is divided by 12.
9
Let b = 783 - 729. Calculate the remainder when b is divided by 10.
4
Suppose 193*p + 55366 = 428*p + 526*p + 132*p. Calculate the remainder when (356/(-6))/((-2)/6) is divided by p.
54
Let x(s) = 6*s 